{"id":3,"date":"2025-05-07T21:13:46","date_gmt":"2025-05-07T21:13:46","guid":{"rendered":"https:\/\/armoringvip.com\/blog\/?page_id=3"},"modified":"2025-06-16T12:30:57","modified_gmt":"2025-06-16T12:30:57","slug":"privacy-policy","status":"publish","type":"page","link":"https:\/\/armoringvip.com\/blog\/privacy-policy\/","title":{"rendered":"Aviso de Privacidad"},"content":{"rendered":"\n<p>El presente documento constituye el Aviso de Privacidad para efectos de lo dispuesto en la Ley Federal<br>de Protecci\u00f3n de Datos Personales en Posesi\u00f3n de los Particulares (la \u00a8LFPDP\u00a8) y las disposiciones que<br>emanan de ella o se relacionan con la misma. Este Aviso de Privacidad (en lo sucesivo referido como<br>\u00a8Aviso\u00a8) aplica a la informaci\u00f3n personal recopilada sobre el Titular por &#8212;&#8212;&#8212;, en su car\u00e1cter de<br>Responsable.<br>\u00bfQu\u00e9 informaci\u00f3n recopilamos?<br>El Responsable recolecta informaci\u00f3n que puede identificarle de manera razonable, por ejemplo, a t\u00edtulo<br>enunciativo mas no limitativo: su nombre y apellidos; fecha de nacimiento; domicilio; direcci\u00f3n de<br>correo electr\u00f3nico; n\u00famero de tel\u00e9fono fijo y\/o celular; Registro Federal de Contribuyentes (RFC);<br>n\u00famero de tarjetas y\/o cuentas.<br>\u00bfC\u00f3mo recopilamos la informaci\u00f3n?<br>La recolecci\u00f3n de datos personales podr\u00e1 efectuarse por ejemplo:<\/p>\n\n\n\n<p>Para formalizar el proceso contractual con clientes, consumidores, proveedores y otros terceros<br>as\u00ed como gestionar los servicios y relaciones comerciales con proveedores y otros terceros con los<br>que tratamos.<br>\u00bfC\u00f3mo ejercer sus derechos ARCO?<br>Para la recepci\u00f3n, registro y atenci\u00f3n de las solicitudes para ejercer su derecho de acceso, rectificaci\u00f3n,<br>cancelaci\u00f3n y oposici\u00f3n a sus Datos Personales, as\u00ed como para limitar el uso o divulgaci\u00f3n de sus datos,<br>y los dem\u00e1s derechos previstos en la LFPDP contactar \u00e1rea encargada del tratamiento de datos<br>personales, mediante correo electr\u00f3nico dirigido a contacto@&#8212;&#8212;&#8212;&#8212;-.com d\u00e1ndole el seguimiento<br>correspondiente a su solicitud en un plazo m\u00e1ximo de 3 (tres) d\u00edas h\u00e1biles. Si usted desea que sus datos<br>personales sean dados de baja de todas nuestras bases de datos, mande un correo a la direcci\u00f3n indicada,<br>con el asunto \u00a8Dar de baja\u00a8.<br>Cambios al Aviso de Privacidad<br>&#8212;&#8212;&#8212;-, se reserva el derecho de actualizar peri\u00f3dicamente el presente Aviso para reflejar los cambios<br>en nuestras pr\u00e1cticas de informaci\u00f3n. Es responsabilidad del Titular revisar peri\u00f3dicamente el contenido<br>del Aviso en el sitio www.&#8212;&#8212;&#8212;&#8212;&#8211;.com en donde se publicar\u00e1n los cambios realizados<br>conjuntamente con la fecha de la \u00faltima actualizaci\u00f3n.<\/p>\n\n\n\n<p>Mediante el uso de correos electr\u00f3nicos y reuniones que sostengamos con usted de forma<br>personal.<\/p>\n\n\n\n<p>Cuando se comunica v\u00eda telef\u00f3nica con nosotros.<\/p>\n\n\n\n<p>Mediante la utilizaci\u00f3n de los sitios Web del Responsable.<\/p>\n\n\n\n<p>Mediante el uso de herramientas de captura autom\u00e1tica de datos.<\/p>\n\n\n\n<p>Mediante la recopilaci\u00f3n directa.<\/p>\n\n\n\n<p>Mediante fuentes de acceso p\u00fablico y de otras fuentes disponibles en el mercado.<br>Toda la informaci\u00f3n que recolectamos sobre usted puede combinarse para ayudarnos a adaptar nuestras<br>comunicaciones a usted y determinar servicios nuevos o mejoras a los que ya prestamos, en atenci\u00f3n a<br>sus necesidades y preferencias.<br>\u00bfC\u00f3mo usamos o compartimos la informaci\u00f3n que recopilamos?<br>Algunos ejemplos de las finalidades de la informaci\u00f3n que recopilamos son:<\/p>\n\n\n\n<p>Utilizamos la informaci\u00f3n que recopilamos para brindarle y ofertarle los servicios que solicita,<br>para informarle acerca de otros servicios ofrecidos por el Responsable y para administrar nuestros<br>sitios y servicios.<\/p>\n\n\n\n<p>Tambi\u00e9n para realizar estudios sobre datos demogr\u00e1ficos, intereses y comportamiento; estudios<br>de mercado y de consumo a efecto de adquirir y ofrecer productos y servicios personalizados, as\u00ed<br>como publicidad y contenidos m\u00e1s adecuados a sus necesidades.<\/p>\n","protected":false},"excerpt":{"rendered":"<p>El presente documento constituye el Aviso de Privacidad para efectos de lo dispuesto en la Ley Federalde Protecci\u00f3n de Datos Personales en Posesi\u00f3n de los Particulares (la \u00a8LFPDP\u00a8) y las disposiciones queemanan de ella o se relacionan con la misma. Este Aviso de Privacidad (en lo sucesivo referido como\u00a8Aviso\u00a8) aplica a la informaci\u00f3n personal recopilada [&hellip;]<\/p>\n","protected":false},"author":1,"featured_media":0,"parent":0,"menu_order":0,"comment_status":"closed","ping_status":"open","template":"","meta":{"footnotes":""},"class_list":["post-3","page","type-page","status-publish","hentry"],"_links":{"self":[{"href":"https:\/\/armoringvip.com\/blog\/wp-json\/wp\/v2\/pages\/3","targetHints":{"allow":["GET"]}}],"collection":[{"href":"https:\/\/armoringvip.com\/blog\/wp-json\/wp\/v2\/pages"}],"about":[{"href":"https:\/\/armoringvip.com\/blog\/wp-json\/wp\/v2\/types\/page"}],"author":[{"embeddable":true,"href":"https:\/\/armoringvip.com\/blog\/wp-json\/wp\/v2\/users\/1"}],"replies":[{"embeddable":true,"href":"https:\/\/armoringvip.com\/blog\/wp-json\/wp\/v2\/comments?post=3"}],"version-history":[{"count":1,"href":"https:\/\/armoringvip.com\/blog\/wp-json\/wp\/v2\/pages\/3\/revisions"}],"predecessor-version":[{"id":43,"href":"https:\/\/armoringvip.com\/blog\/wp-json\/wp\/v2\/pages\/3\/revisions\/43"}],"wp:attachment":[{"href":"https:\/\/armoringvip.com\/blog\/wp-json\/wp\/v2\/media?parent=3"}],"curies":[{"name":"wp","href":"https:\/\/api.w.org\/{rel}","templated":true}]}}

<p>El presente documento constituye el Aviso de Privacidad para efectos de lo dispuesto en la Ley Federal<br>de Protección de Datos Personales en Posesión de los Particulares (la ¨LFPDP¨) y las disposiciones que<br>emanan de ella o se relacionan con la misma. Este Aviso de Privacidad (en lo sucesivo referido como<br>¨Aviso¨) aplica a la información personal recopilada sobre el Titular por &#8212;&#8212;&#8212;, en su carácter de<br>Responsable.<br>¿Qué información recopilamos?<br>El Responsable recolecta información que puede identificarle de manera razonable, por ejemplo, a título<br>enunciativo mas no limitativo: su nombre y apellidos; fecha de nacimiento; domicilio; dirección de<br>correo electrónico; número de teléfono fijo y/o celular; Registro Federal de Contribuyentes (RFC);<br>número de tarjetas y/o cuentas.<br>¿Cómo recopilamos la información?<br>La recolección de datos personales podrá efectuarse por ejemplo:</p>



<p>Para formalizar el proceso contractual con clientes, consumidores, proveedores y otros terceros<br>así como gestionar los servicios y relaciones comerciales con proveedores y otros terceros con los<br>que tratamos.<br>¿Cómo ejercer sus derechos ARCO?<br>Para la recepción, registro y atención de las solicitudes para ejercer su derecho de acceso, rectificación,<br>cancelación y oposición a sus Datos Personales, así como para limitar el uso o divulgación de sus datos,<br>y los demás derechos previstos en la LFPDP contactar área encargada del tratamiento de datos<br>personales, mediante correo electrónico dirigido a contacto@&#8212;&#8212;&#8212;&#8212;-.com dándole el seguimiento<br>correspondiente a su solicitud en un plazo máximo de 3 (tres) días hábiles. Si usted desea que sus datos<br>personales sean dados de baja de todas nuestras bases de datos, mande un correo a la dirección indicada,<br>con el asunto ¨Dar de baja¨.<br>Cambios al Aviso de Privacidad<br>&#8212;&#8212;&#8212;-, se reserva el derecho de actualizar periódicamente el presente Aviso para reflejar los cambios<br>en nuestras prácticas de información. Es responsabilidad del Titular revisar periódicamente el contenido<br>del Aviso en el sitio www.&#8212;&#8212;&#8212;&#8212;&#8211;.com en donde se publicarán los cambios realizados<br>conjuntamente con la fecha de la última actualización.</p>



<p>Mediante el uso de correos electrónicos y reuniones que sostengamos con usted de forma<br>personal.</p>



<p>Cuando se comunica vía telefónica con nosotros.</p>



<p>Mediante la utilización de los sitios Web del Responsable.</p>



<p>Mediante el uso de herramientas de captura automática de datos.</p>



<p>Mediante la recopilación directa.</p>



<p>Mediante fuentes de acceso público y de otras fuentes disponibles en el mercado.<br>Toda la información que recolectamos sobre usted puede combinarse para ayudarnos a adaptar nuestras<br>comunicaciones a usted y determinar servicios nuevos o mejoras a los que ya prestamos, en atención a<br>sus necesidades y preferencias.<br>¿Cómo usamos o compartimos la información que recopilamos?<br>Algunos ejemplos de las finalidades de la información que recopilamos son:</p>



<p>Utilizamos la información que recopilamos para brindarle y ofertarle los servicios que solicita,<br>para informarle acerca de otros servicios ofrecidos por el Responsable y para administrar nuestros<br>sitios y servicios.</p>



<p>También para realizar estudios sobre datos demográficos, intereses y comportamiento; estudios<br>de mercado y de consumo a efecto de adquirir y ofrecer productos y servicios personalizados, así<br>como publicidad y contenidos más adecuados a sus necesidades.</p>

<p>El presente documento constituye el Aviso de Privacidad para efectos de lo dispuesto en la Ley Federalde Protección de Datos Personales en Posesión de los Particulares (la ¨LFPDP¨) y las disposiciones queemanan de ella o se relacionan con la misma. Este Aviso de Privacidad (en lo sucesivo referido como¨Aviso¨) aplica a la información personal recopilada [&hellip;]</p>
